ose 8*p - 11*p - r + 601 = 0, -2*r - 616 = -3*p. What is the hundreds digit of p?
2
Let x = 79 + -31. What is the tens digit of x?
4
Let v(i) = i**3 - 2*i**2 - 5*i - 3. What is the units digit of v(5)?
7
Suppose 2*l - 16 = -4*k, 3*k - l + 1 - 3 = 0. Suppose -27 = -f + w + k*w, 0 = -2*f - 3*w + 54. What is the tens digit of f?
2
Suppose -18 = -5*o - 2*h, -2 = 6*o - 3*o - 2*h. Suppose -o*b + b = -2*y + 14, 5*b = -10. Suppose -2*t + 6 = t - 5*z, -2*z = -y. What is the units digit of t?
7
Let v(w) = -w**3 - 6*w**2 + 2*w - 2. Let g be v(-6). Let i be 4/(-14) + (-46)/g. Suppose -f - 1 + i = 0. What is the units digit of f?
2
Let i be (-12)/5*(-1 + 6). Let g = 20 + i. What is the units digit of g?
8
Suppose -2*v - 36 = 4*p - 0*p, 4*p + 42 = -5*v. What is the units digit of 60/16*p/(-3)?
0
Let h = 1 - -10. What is the units digit of h?
1
Let z be (2 - 0 - 7)*-1. Suppose 43 = 3*g - z. What is the units digit of g?
6
Suppose 0 = -5*v + 37 + 38. Let n be 10/v + 4/(-6). Suppose n = -0*u + 5*u - 40. What is the units digit of u?
8
Suppose p - 18 = -7. What is the units digit of p?
1
Suppose -19 + 151 = d. What is the tens digit of d?
3
Let f(i) = i**3 + 11*i**2 + 3*i + 4. Let o(v) = -v**2 + v + 1. Let w(q) = f(q) + 4*o(q). What is the units digit of w(-6)?
2
Suppose -4*d + z = -15, 3*d - d + 4*z - 12 = 0. What is the units digit of d?
4
Suppose -4*a + 3*n = -112, 0 = -a - 3*n + 2*n + 21. Let h = a + -13. What is the tens digit of h?
1
Let r(i) = i**3 + 5*i**2 - 6*i + 7. Let o(t) = t**3 + 11*t**2 + t + 8. Let y be o(-11). Let w be -1*(-20 - -2)/y. What is the units digit of r(w)?
7
What is the tens digit of 2*10*1/2?
1
Suppose 3*r + 5*l + 3 = 0, -2*l = 3*r - 4 + 7. Let p = r - -3. Suppose h + p*h = 30. What is the units digit of h?
0
Let f be (-2)/(-12)*4*39. Let m = f - 12. What is the tens digit of m?
1
Let t(n) = n**3 + 9*n**2 + 9*n + 1. Let i(b) = 2*b**3 + 19*b**2 + 19*b + 1. Let x(w) = -2*i(w) + 5*t(w). What is the units digit of x(-5)?
8
Let z(x) = -15*x. What is the tens digit of z(-1)?
1
Let o(m) = m**2 - 6*m + 4. What is the units digit of o(10)?
4
Let r(a) = a + 8. Let p be r(-4). Let c = 24 + -9. Suppose p*m = -m + c. What is the units digit of m?
3
What is the tens digit of -111*(22/(-55))/((-12)/(-10))?
3
Let p(b) = 18*b**2 - 2. What is the tens digit of p(-2)?
7
Let n(z) = -2*z**2 + 3. Let y(g) = 8*g**2 - 13. Let u(f) = -9*n(f) - 2*y(f). What is the units digit of u(2)?
7
Let f(a) = -a**3 + 3*a**2 + 6*a - 4. Let k(v) = v + 2. Suppose 0*h + 4 = 2*h. Let y be k(h). What is the units digit of f(y)?
4
Let n = -28 - -42. Suppose -n = h - 3*h. What is the units digit of h?
7
Suppose 6*v - v + 11 = -4*t, -3*v = 2*t + 5. Let r be v*4*2/4. What is the units digit of (r + 5 + -1)*1?
6
Suppose -3*k = -4*m - 6*k + 123, 5*k = -m + 35. What is the units digit of m?
0
Let m(u) = -u**3 + 8*u**2 - 6*u - 5. Suppose 5*z - 30 = 5. Let k be m(z). What is the units digit of k*(-9)/6*-1?
3
Let g(p) = -40*p + 6. Let b be g(-5). Suppose -b = -3*s - 83. What is the tens digit of s?
4
Suppose -5*u = 3*d - 195, 165 = 5*u - 0*d - 3*d. What is the tens digit of u?
3
Suppose 6 = -5*j + 4*a, 8 = j - 3*j - 4*a. Let v be 0/j - -8 - -2. Let z = v + -8. What is the units digit of z?
2
Let p(f) = f**3 - 4*f**2 + 3*f - 3. Let h be p(3). Let k(s) = s - 2*s**3 - 1 + 4 - 4*s**2 - 4. What is the units digit of k(h)?
4
Let c = -21 - -15. Let l(k) = k**3 + 6*k**2 - 6*k - 8. Let t be l(c). Suppose -x = 3*x - t. What is the units digit of x?
7
Suppose 4*r + 2*h = 50, 2*h + 3 = h. What is the units digit of r?
4
What is the tens digit of (-3 - (-34)/(-6))/(4/(-42))?
9
Suppose -145 = 12*r - 17*r. What is the units digit of r?
9
Let x(k) = -k**3 - 34*k**2 - 41*k + 12. What is the tens digit of x(-33)?
7
Let i = 3 + 1. Suppose -i*z = -8*z + 8. What is the units digit of z?
2
Suppose 0 = -3*b + 8*b. Suppose b = 3*p - 2*c + 10 + 3, 2*p + 4*c - 18 = 0. Let z = 3 + p. What is the units digit of z?
2
Suppose 20 = 4*b - 16. What is the units digit of b?
9
Let b = 3 + 5. Suppose 2*h + 14 = -2*c - b, -4*h - 26 = c. What is the units digit of (-4)/c + 14/6?
3
Let o = -16 - -26. Let h = 6 + o. What is the units digit of h?
6
Suppose 0 = 5*z + 2*a + a - 20, 8 = 2*z + 2*a. Let y be (-14)/(-4) - 2/z. Suppose 0 = -y*n + 9 + 3. What is the units digit of n?
4
Let x = -4 + 4. Suppose x = -n - n + 26. What is the units digit of n?
3
Let k(u) = 4*u**2 + 1. Let h(t) = t**3 + 8*t**2 - t - 9. Let w be h(-8). What is the units digit of k(w)?
5
Let c(h) = -h - 3. Let t be (1 - (1 - 0))/2. Suppose v + 4*v + 30 = t. What is the units digit of c(v)?
3
Let n(a) = a**2 + 2*a - 1. Let u be ((-2)/(-4))/(1/(-4)). Let j be n(u). What is the units digit of (0 - j)*-3*-1?
3
Let u(r) = -r**2 + 15*r - 5. What is the units digit of u(11)?
9
What is the units digit of (-1 + 0)*((-3624)/8)/3?
1
Let h = 44 - 29. What is the units digit of h?
5
Suppose 0 = -2*t - t + 9. Suppose 3*z + 2*y - 46 = -17, -3*z = t*y - 33. What is the units digit of z?
7
Let m = 0 + 2. Let z(v) = 2*v - 3. What is the units digit of z(m)?
1
Let p be (-1 - -2)*-1 - -2. Let x(z) = 12*z**2 - 3*z - 3. Let k be x(-1). What is the units digit of p + (0 - 4) + k?
9
Suppose -114*g = -117*g + 96. What is the tens digit of g?
3
Let n = 167 - 104. What is the tens digit of n?
6
Suppose 5*r + 21 = -2*u, r - 2*r + 6 = -3*u. Let g be (-2)/(-6) + u/9. Suppose t = -g + 8. What is the units digit of t?
8
Suppose 4*q = -5 - 3. Let k be 2 - (2 + 2 + q). Suppose -t - 2*w + 12 = 0, 3*t - 29 = w - k*w. What is the tens digit of t?
1
Suppose -3*d + 0*d + 1186 = 4*b, 0 = -3*d - 6. What is the tens digit of b?
9
Suppose 3*r + 0 = 54. What is the tens digit of 2*r/4 + 2?
1
Suppose w + w - 12 = 0. Suppose 0 = -3*a + 113 - 8. Suppose 0 = w*y - y - a. What is the units digit of y?
7
Let y be 4/(-14) - 240/(-7). Let h = -18 + y. What is the tens digit of h?
1
Let t = 1 - 4. Let v = -1 - t. Suppose -3*l - v*l + 55 = 5*n, -4*l - 1 = -5*n. What is the units digit of l?
6
Suppose -55 = i + 4*o + 25, 5*o = -5*i - 460. Let p = -68 - i. What is the tens digit of p?
2
Suppose -f + 0*f - 3*b = 0, b = 2*f + 35. What is the units digit of (-2)/(-5) + (-129)/f?
9
Suppose -w + 15 = 4*w. Suppose -f + 1 = w*k - 2, -4*k + 3 = f. Let z = k - -1. What is the units digit of z?
1
Let x = 7 - -65. What is the tens digit of x?
7
Let v(w) = 13*w**2 + w - 4. Let j be v(-3). Let t = -61 + j. Let d = t + -35. What is the units digit of d?
4
Let y(s) = -185*s**3 + 4*s**2 + 2*s - 1. What is the tens digit of y(-1)?
8
Let g(z) be the first derivative of -z**3/3 + 4*z**2 - 8*z + 3. Let q be g(6). What is the units digit of q/10*(5 - -5)?
4
Let g(v) be the second derivative of -v**3/3 + v**2 - 2*v. What is the units digit of g(-9)?
0
Suppose -80 = -11*y + 6*y. What is the units digit of y?
6
Let q be ((-17)/(-3))/(2/6). Suppose -4*r - q = -105. What is the units digit of r?
2
Let f(x) be the first derivative of x**3/3 + 9*x**2/2 + 12*x - 2. Let a = -32 + 24. What is the units digit of f(a)?
4
Suppose -2*p + p = -5*x + 193, -4*p - 12 = 0. What is the units digit of x?
8
Let c(i) = 2*i - 6. Let x be c(5). Let y = 5 + -2. Suppose 0 = -y*k + x*k - 1. What is the units digit of k?
1
Let p(v) = 4 + v - 2*v + 4*v**2 - v. Let z be p(4). Suppose -4*u - 2*f = 2*f - z, -3*u + 2*f + 50 = 0. What is the units digit of u?
6
Suppose 4 + 3 = v. What is the units digit of v?
7
Let i = -12 - -14. What is the units digit of i?
2
Let y be 10/((-4)/(1*-2)). Suppose 0*j - 140 = -y*j. What is the units digit of (-37)/(-7) - 8/j?
5
Suppose -5*c = -4*x - 0*x + 98, 131 = 5*x - 2*c. Suppose 84 = 3*n - x. What is the tens digit of n?
3
Suppose -2*u + 110 = 4*b, -4*u + 0*b + 229 = -b. Let n = u - 12. What is the units digit of n?
5
Suppose -4*c + 10 - 2 = 0. Let i(v) = 13*v - 2. Let r be i(2). Suppose x + c*x = r. What is the units digit of x?
8
Let l(t) = 2*t - 3. Let r be l(3). Let w be (-2 - r)/(-1*1). Suppose 2*b = w*x, -2*b - 3*b - 4*x = -66. What is the tens digit of b?
1
Let w(r) = r**3 - 2*r**2 + 2. Let u be w(2). Suppose 4 = 2*x - 2*v, 3*x + 3*v - 14 = -u*v. What is the units digit of x?
3
Let s(d) = -18*d**2 + d. Let a be s(-1). Let u = a + 10. Let q = u + 14. What is the units digit of q?
5
Let l(g) = -g**2 + 7*g - 4. Let m be 5*